{"id":57,"date":"2024-11-30T13:48:35","date_gmt":"2024-11-30T13:48:35","guid":{"rendered":"https:\/\/mcasphaltwoelfe.de\/?page_id=57"},"modified":"2024-12-08T10:27:33","modified_gmt":"2024-12-08T10:27:33","slug":"memory","status":"publish","type":"page","link":"https:\/\/mcasphaltwoelfe.de\/?page_id=57","title":{"rendered":"Memory"},"content":{"rendered":"\n<div class=\"wp-block-group has-global-padding is-layout-constrained wp-container-core-group-is-layout-075be19c wp-block-group-is-layout-constrained\">\n<div class=\"wp-block-columns is-layout-flex wp-container-core-columns-is-layout-28f84493 wp-block-columns-is-layout-flex\">\n<div class=\"wp-block-column is-layout-flow wp-block-column-is-layout-flow\" style=\"flex-basis:100%\">\n<div class=\"wp-block-columns is-layout-flex wp-container-core-columns-is-layout-28f84493 wp-block-columns-is-layout-flex\">\n<div class=\"wp-block-column is-layout-flow wp-block-column-is-layout-flow\" style=\"flex-basis:100%\">\n<figure class=\"wp-block-image aligncenter size-full is-resized\"><img loading=\"lazy\" decoding=\"async\" width=\"468\" height=\"60\" src=\"https:\/\/mcasphaltwoelfe.de\/wp-content\/uploads\/2024\/11\/Unbenannt.gif\" alt=\"\" class=\"wp-image-13\" style=\"width:565px;height:auto\"\/><\/figure>\n<\/div>\n<\/div>\n<\/div>\n<\/div>\n\n\n\n<figure class=\"wp-block-image alignright size-full is-resized\"><img loading=\"lazy\" decoding=\"async\" width=\"96\" height=\"100\" src=\"https:\/\/mcasphaltwoelfe.de\/wp-content\/uploads\/2024\/11\/patchklein2-1.gif\" alt=\"\" class=\"wp-image-18\" style=\"width:83px;height:auto\"\/><\/figure>\n\n\n\n<figure class=\"wp-block-image alignleft size-full is-resized\"><img loading=\"lazy\" decoding=\"async\" width=\"96\" height=\"100\" src=\"https:\/\/mcasphaltwoelfe.de\/wp-content\/uploads\/2024\/11\/patchklein2-1.gif\" alt=\"\" class=\"wp-image-18\" style=\"width:83px;height:auto\"\/><\/figure>\n\n\n\n<div style=\"height:1.25rem\" aria-hidden=\"true\" class=\"wp-block-spacer\"><\/div>\n\n\n\n<div class=\"wp-block-columns is-layout-flex wp-container-core-columns-is-layout-28f84493 wp-block-columns-is-layout-flex\">\n<div class=\"wp-block-column is-layout-flow wp-block-column-is-layout-flow\" style=\"flex-basis:100%\">\n<div class=\"wp-block-columns is-layout-flex wp-container-core-columns-is-layout-28f84493 wp-block-columns-is-layout-flex\">\n<div class=\"wp-block-column is-layout-flow wp-block-column-is-layout-flow\" style=\"flex-basis:100%\">\n<div class=\"wp-block-buttons is-content-justification-center is-layout-flex wp-container-core-buttons-is-layout-a89b3969 wp-block-buttons-is-layout-flex\">\n<div class=\"wp-block-button\"><a class=\"wp-block-button__link wp-element-button\" href=\"https:\/\/mcasphaltwoelfe.de\/\">Home<\/a><\/div>\n\n\n\n<div class=\"wp-block-button\"><a class=\"wp-block-button__link wp-element-button\" href=\"https:\/\/mcasphaltwoelfe.de\/?page_id=81\">Kontakt<\/a><\/div>\n\n\n\n<div class=\"wp-block-button\"><a class=\"wp-block-button__link wp-element-button\" href=\"https:\/\/mcasphaltwoelfe.de\/?page_id=57\">Memory<\/a><\/div>\n\n\n\n<div class=\"wp-block-button\"><a class=\"wp-block-button__link wp-element-button\" href=\"https:\/\/mcasphaltwoelfe.de\/?page_id=92\">G\u00e4stebuch<\/a><\/div>\n\n\n\n<div class=\"wp-block-button\"><a class=\"wp-block-button__link wp-element-button\" href=\"https:\/\/mcasphaltwoelfe.de\/?page_id=97\">Links<\/a><\/div>\n\n\n\n<div class=\"wp-block-button\"><a class=\"wp-block-button__link wp-element-button\" href=\"https:\/\/mcasphaltwoelfe.de\/wp-login.php?action=login&amp;redirect_to=https:\/\/mcasphaltwoelfe.de\/?page_id=111&amp;_wpnonce=b29bfb724f\">Member Login<\/a><\/div>\n<\/div>\n<\/div>\n<\/div>\n<\/div>\n<\/div>\n<\/div>\n\n\n\n<div class=\"wp-block-group alignfull has-accent-background-color has-background has-global-padding is-layout-constrained wp-container-core-group-is-layout-669513ed wp-block-group-is-layout-constrained\" style=\"margin-top:0;margin-bottom:0;padding-top:var(--wp--preset--spacing--50);padding-right:var(--wp--preset--spacing--50);padding-bottom:var(--wp--preset--spacing--50);padding-left:var(--wp--preset--spacing--50)\">\n<p class=\"has-text-align-center has-small-font-size\"><\/p>\n\n\n<ul class=\"wp-block-latest-posts__list wp-block-latest-posts\"><li><a class=\"wp-block-latest-posts__post-title\" href=\"https:\/\/mcasphaltwoelfe.de\/?p=2385\">Memory J\u00f6rg<\/a><div class=\"wp-block-latest-posts__post-full-content\"><!-- wp:paragraph -->\n<p>Unser Langj\u00e4hriger Member und Medizinmann ist von uns gegangen<\/p>\n<!-- \/wp:paragraph -->\n\n<!-- wp:paragraph -->\n<p><\/p>\n<!-- \/wp:paragraph -->\n\n<!-- wp:uagb\/image {\"block_id\":\"812ac226\",\"url\":\"https:\/\/mcasphaltwoelfe.de\/wp-content\/uploads\/2026\/03\/Joerg.jpg\",\"urlTablet\":\"https:\/\/mcasphaltwoelfe.de\/wp-content\/uploads\/2026\/03\/Joerg.jpg\",\"urlMobile\":\"https:\/\/mcasphaltwoelfe.de\/wp-content\/uploads\/2026\/03\/Joerg.jpg\",\"id\":2386,\"linkDestination\":\"none\",\"title\":\"J\u00f6rg\",\"naturalWidth\":395,\"naturalHeight\":455,\"sizeSlug\":\"full\",\"sizeSlugTablet\":\"full\",\"sizeSlugMobile\":\"full\"} -->\n<div class=\"wp-block-uagb-image uagb-block-812ac226 wp-block-uagb-image--layout-default wp-block-uagb-image--effect-static wp-block-uagb-image--align-none\"><figure class=\"wp-block-uagb-image__figure\"><img decoding=\"async\" src=\"https:\/\/mcasphaltwoelfe.de\/wp-content\/uploads\/2026\/03\/Joerg.jpg\" alt=\"\" class=\"uag-image-2386\" width=\"395\" height=\"455\" title=\"J\u00f6rg\" loading=\"lazy\" role=\"img\" \/><\/figure><\/div>\n<!-- \/wp:uagb\/image -->\n\n<!-- wp:paragraph {\"align\":\"center\",\"fontSize\":\"small\"} -->\n<p class=\"has-text-align-center has-small-font-size\">Wir trauern um<\/p>\n<!-- \/wp:paragraph -->\n\n<!-- wp:paragraph {\"align\":\"center\",\"fontSize\":\"small\"} -->\n<p class=\"has-text-align-center has-small-font-size\">J\u00f6rg<\/p>\n<!-- \/wp:paragraph -->\n\n<!-- wp:paragraph {\"align\":\"center\"} -->\n<p class=\"has-text-align-center\">geb. 13.04.1971<\/p>\n<!-- \/wp:paragraph -->\n\n<!-- wp:image {\"id\":29,\"sizeSlug\":\"full\",\"linkDestination\":\"none\",\"align\":\"center\"} -->\n<figure class=\"wp-block-image aligncenter size-full\"><img loading=\"lazy\" decoding=\"async\" width=\"47\" height=\"65\" src=\"https:\/\/mcasphaltwoelfe.de\/wp-content\/uploads\/2024\/11\/Unbenannt.bmp\" alt=\"\" class=\"wp-image-29\" \/><\/figure>\n<!-- \/wp:image -->\n\n<!-- wp:paragraph {\"align\":\"center\"} -->\n<p class=\"has-text-align-center\">15.02.2026<\/p>\n<!-- \/wp:paragraph -->\n\n<!-- wp:paragraph {\"align\":\"center\",\"fontSize\":\"small\"} -->\n<p class=\"has-text-align-center has-small-font-size\">Du hinterl\u00e4sst eine gro\u00dfe L\u00fccke in unserer Mitte.<\/p>\n<!-- \/wp:paragraph --><\/div><\/li>\n<li><a class=\"wp-block-latest-posts__post-title\" href=\"https:\/\/mcasphaltwoelfe.de\/?p=2382\">Memory Robin<\/a><div class=\"wp-block-latest-posts__post-full-content\"><!-- wp:paragraph -->\n<p>Unser langj\u00e4hriger Member ist von uns gegangen<\/p>\n<!-- \/wp:paragraph -->\n\n<!-- wp:paragraph -->\n<p><\/p>\n<!-- \/wp:paragraph -->\n\n<!-- wp:uagb\/image {\"block_id\":\"9db7833c\",\"url\":\"https:\/\/mcasphaltwoelfe.de\/wp-content\/uploads\/2026\/03\/Robin-817x1024.jpg\",\"urlTablet\":\"https:\/\/mcasphaltwoelfe.de\/wp-content\/uploads\/2026\/03\/Robin.jpg\",\"urlMobile\":\"https:\/\/mcasphaltwoelfe.de\/wp-content\/uploads\/2026\/03\/Robin.jpg\",\"id\":2383,\"linkDestination\":\"none\",\"title\":\"Robin\",\"naturalWidth\":821,\"naturalHeight\":1029,\"sizeSlug\":\"large\",\"sizeSlugTablet\":\"large\",\"sizeSlugMobile\":\"large\"} -->\n<div class=\"wp-block-uagb-image uagb-block-9db7833c wp-block-uagb-image--layout-default wp-block-uagb-image--effect-static wp-block-uagb-image--align-none\"><figure class=\"wp-block-uagb-image__figure\"><img decoding=\"async\" src=\"https:\/\/mcasphaltwoelfe.de\/wp-content\/uploads\/2026\/03\/Robin-817x1024.jpg\" alt=\"\" class=\"uag-image-2383\" width=\"821\" height=\"1029\" title=\"Robin\" loading=\"lazy\" role=\"img\" \/><\/figure><\/div>\n<!-- \/wp:uagb\/image -->\n\n<!-- wp:paragraph {\"align\":\"center\",\"fontSize\":\"small\"} -->\n<p class=\"has-text-align-center has-small-font-size\">Wir trauern um<\/p>\n<!-- \/wp:paragraph -->\n\n<!-- wp:paragraph {\"align\":\"center\",\"fontSize\":\"small\"} -->\n<p class=\"has-text-align-center has-small-font-size\">Robin<\/p>\n<!-- \/wp:paragraph -->\n\n<!-- wp:paragraph {\"align\":\"center\"} -->\n<p class=\"has-text-align-center\">geb. 26.09.1977<\/p>\n<!-- \/wp:paragraph -->\n\n<!-- wp:image {\"id\":29,\"sizeSlug\":\"full\",\"linkDestination\":\"none\",\"align\":\"center\"} -->\n<figure class=\"wp-block-image aligncenter size-full\"><img loading=\"lazy\" decoding=\"async\" width=\"47\" height=\"65\" src=\"https:\/\/mcasphaltwoelfe.de\/wp-content\/uploads\/2024\/11\/Unbenannt.bmp\" alt=\"\" class=\"wp-image-29\" \/><\/figure>\n<!-- \/wp:image -->\n\n<!-- wp:paragraph {\"align\":\"center\"} -->\n<p class=\"has-text-align-center\">12.02.2026<\/p>\n<!-- \/wp:paragraph -->\n\n<!-- wp:paragraph {\"align\":\"center\",\"fontSize\":\"small\"} -->\n<p class=\"has-text-align-center has-small-font-size\">Viel zu Jung hat Ihn eine kurze schwere Krankheit von uns genommen.<\/p>\n<!-- \/wp:paragraph -->\n\n<!-- wp:paragraph -->\n<p><\/p>\n<!-- \/wp:paragraph --><\/div><\/li>\n<li><a class=\"wp-block-latest-posts__post-title\" href=\"https:\/\/mcasphaltwoelfe.de\/?p=2129\">Memory Manni<\/a><div class=\"wp-block-latest-posts__post-full-content\"><!-- wp:paragraph {\"align\":\"center\"} -->\n<p class=\"has-text-align-center\"><strong>Unser langj\u00e4riger Member ist von uns gegangen<\/strong><\/p>\n<!-- \/wp:paragraph -->\n\n<!-- wp:image {\"id\":40,\"sizeSlug\":\"large\",\"linkDestination\":\"none\"} -->\n<figure class=\"wp-block-image size-large\"><img loading=\"lazy\" decoding=\"async\" width=\"627\" height=\"1024\" src=\"https:\/\/mcasphaltwoelfe.de\/wp-content\/uploads\/2024\/11\/Manni-627x1024.jpg\" alt=\"\" class=\"wp-image-40\" srcset=\"https:\/\/mcasphaltwoelfe.de\/wp-content\/uploads\/2024\/11\/Manni-627x1024.jpg 627w, https:\/\/mcasphaltwoelfe.de\/wp-content\/uploads\/2024\/11\/Manni-184x300.jpg 184w, https:\/\/mcasphaltwoelfe.de\/wp-content\/uploads\/2024\/11\/Manni-768x1255.jpg 768w, https:\/\/mcasphaltwoelfe.de\/wp-content\/uploads\/2024\/11\/Manni.jpg 847w\" sizes=\"auto, (max-width: 627px) 100vw, 627px\" \/><\/figure>\n<!-- \/wp:image -->\n\n<!-- wp:paragraph {\"align\":\"center\",\"fontSize\":\"small\"} -->\n<p class=\"has-text-align-center has-small-font-size\">Wir trauern um<\/p>\n<!-- \/wp:paragraph -->\n\n<!-- wp:paragraph {\"align\":\"center\",\"fontSize\":\"small\"} -->\n<p class=\"has-text-align-center has-small-font-size\">Manni<\/p>\n<!-- \/wp:paragraph -->\n\n<!-- wp:paragraph {\"align\":\"center\"} -->\n<p class=\"has-text-align-center\">geb. 07.09.1951<\/p>\n<!-- \/wp:paragraph -->\n\n<!-- wp:image {\"id\":29,\"sizeSlug\":\"full\",\"linkDestination\":\"none\",\"align\":\"center\"} -->\n<figure class=\"wp-block-image aligncenter size-full\"><img loading=\"lazy\" decoding=\"async\" width=\"47\" height=\"65\" src=\"https:\/\/mcasphaltwoelfe.de\/wp-content\/uploads\/2024\/11\/Unbenannt.bmp\" alt=\"\" class=\"wp-image-29\" \/><\/figure>\n<!-- \/wp:image -->\n\n<!-- wp:paragraph {\"align\":\"center\"} -->\n<p class=\"has-text-align-center\">24.11.2021<\/p>\n<!-- \/wp:paragraph -->\n\n<!-- wp:paragraph {\"align\":\"center\",\"fontSize\":\"small\"} -->\n<p class=\"has-text-align-center has-small-font-size\"><strong>du hinterl\u00e4sst eine gro\u00dfe L\u00fccke in unserem Club,<br>aber die Gr\u00f6\u00dfte in unseren Herzen.<br>Wir werden dich nie vergessen.<\/strong><\/p>\n<!-- \/wp:paragraph --><\/div><\/li>\n<li><a class=\"wp-block-latest-posts__post-title\" href=\"https:\/\/mcasphaltwoelfe.de\/?p=2127\">Memory Mario<\/a><div class=\"wp-block-latest-posts__post-full-content\"><!-- wp:paragraph {\"align\":\"center\"} -->\n<p class=\"has-text-align-center\"><strong>Unser Member und langj\u00e4hriges Mitglied unserer Freunde des MC Pegasus ist von uns gegangen<\/strong><\/p>\n<!-- \/wp:paragraph -->\n\n<!-- wp:image {\"id\":41,\"sizeSlug\":\"full\",\"linkDestination\":\"none\",\"align\":\"center\"} -->\n<figure class=\"wp-block-image aligncenter size-full\"><img loading=\"lazy\" decoding=\"async\" width=\"540\" height=\"721\" src=\"https:\/\/mcasphaltwoelfe.de\/wp-content\/uploads\/2024\/11\/mario.jpg\" alt=\"\" class=\"wp-image-41\" srcset=\"https:\/\/mcasphaltwoelfe.de\/wp-content\/uploads\/2024\/11\/mario.jpg 540w, https:\/\/mcasphaltwoelfe.de\/wp-content\/uploads\/2024\/11\/mario-225x300.jpg 225w\" sizes=\"auto, (max-width: 540px) 100vw, 540px\" \/><\/figure>\n<!-- \/wp:image -->\n\n<!-- wp:paragraph {\"align\":\"center\",\"fontSize\":\"small\"} -->\n<p class=\"has-text-align-center has-small-font-size\">Wir trauern um<\/p>\n<!-- \/wp:paragraph -->\n\n<!-- wp:paragraph {\"align\":\"center\",\"fontSize\":\"small\"} -->\n<p class=\"has-text-align-center has-small-font-size\">Mario<\/p>\n<!-- \/wp:paragraph -->\n\n<!-- wp:paragraph {\"align\":\"center\"} -->\n<p class=\"has-text-align-center\">geb. 08.10.1963<\/p>\n<!-- \/wp:paragraph -->\n\n<!-- wp:image {\"id\":29,\"sizeSlug\":\"full\",\"linkDestination\":\"none\",\"align\":\"center\"} -->\n<figure class=\"wp-block-image aligncenter size-full\"><img loading=\"lazy\" decoding=\"async\" width=\"47\" height=\"65\" src=\"https:\/\/mcasphaltwoelfe.de\/wp-content\/uploads\/2024\/11\/Unbenannt.bmp\" alt=\"\" class=\"wp-image-29\" \/><\/figure>\n<!-- \/wp:image -->\n\n<!-- wp:paragraph {\"align\":\"center\"} -->\n<p class=\"has-text-align-center\">09.08.2018<\/p>\n<!-- \/wp:paragraph -->\n\n<!-- wp:paragraph {\"align\":\"center\",\"fontSize\":\"small\"} -->\n<p class=\"has-text-align-center has-small-font-size\">gone but never forgotten!<\/p>\n<!-- \/wp:paragraph --><\/div><\/li>\n<li><a class=\"wp-block-latest-posts__post-title\" href=\"https:\/\/mcasphaltwoelfe.de\/?p=2125\">Memory Ralle<\/a><div class=\"wp-block-latest-posts__post-full-content\"><!-- wp:paragraph {\"align\":\"center\"} -->\n<p class=\"has-text-align-center\"><strong>Unser langj\u00e4riger Freund und Supporter ist von uns gegangen.<\/strong><\/p>\n<!-- \/wp:paragraph -->\n\n<!-- wp:image {\"id\":28,\"width\":\"476px\",\"height\":\"auto\",\"sizeSlug\":\"full\",\"linkDestination\":\"none\",\"align\":\"center\"} -->\n<figure class=\"wp-block-image aligncenter size-full is-resized\"><img loading=\"lazy\" decoding=\"async\" width=\"540\" height=\"725\" src=\"https:\/\/mcasphaltwoelfe.de\/wp-content\/uploads\/2024\/11\/Ralle.jpg\" alt=\"\" class=\"wp-image-28\" style=\"width:476px;height:auto\" srcset=\"https:\/\/mcasphaltwoelfe.de\/wp-content\/uploads\/2024\/11\/Ralle.jpg 540w, https:\/\/mcasphaltwoelfe.de\/wp-content\/uploads\/2024\/11\/Ralle-223x300.jpg 223w\" sizes=\"auto, (max-width: 540px) 100vw, 540px\" \/><\/figure>\n<!-- \/wp:image -->\n\n<!-- wp:paragraph {\"align\":\"center\",\"fontSize\":\"small\"} -->\n<p class=\"has-text-align-center has-small-font-size\">Wir trauern um<\/p>\n<!-- \/wp:paragraph -->\n\n<!-- wp:paragraph {\"align\":\"center\",\"fontSize\":\"small\"} -->\n<p class=\"has-text-align-center has-small-font-size\">Ralle<\/p>\n<!-- \/wp:paragraph -->\n\n<!-- wp:paragraph {\"align\":\"center\"} -->\n<p class=\"has-text-align-center\">geb. 22.06.1954<\/p>\n<!-- \/wp:paragraph -->\n\n<!-- wp:image {\"id\":29,\"sizeSlug\":\"full\",\"linkDestination\":\"none\",\"align\":\"center\"} -->\n<figure class=\"wp-block-image aligncenter size-full\"><img loading=\"lazy\" decoding=\"async\" width=\"47\" height=\"65\" src=\"https:\/\/mcasphaltwoelfe.de\/wp-content\/uploads\/2024\/11\/Unbenannt.bmp\" alt=\"\" class=\"wp-image-29\" \/><\/figure>\n<!-- \/wp:image -->\n\n<!-- wp:paragraph {\"align\":\"center\"} -->\n<p class=\"has-text-align-center\">20.05.2018<\/p>\n<!-- \/wp:paragraph -->\n\n<!-- wp:paragraph {\"align\":\"center\",\"fontSize\":\"small\"} -->\n<p class=\"has-text-align-center has-small-font-size\">Du wirst immer in unserer Erinnerung bleiben!<\/p>\n<!-- \/wp:paragraph --><\/div><\/li>\n<li><a class=\"wp-block-latest-posts__post-title\" href=\"https:\/\/mcasphaltwoelfe.de\/?p=2123\">Memory Mohr<\/a><div class=\"wp-block-latest-posts__post-full-content\"><!-- wp:heading {\"textAlign\":\"center\",\"level\":5} -->\n<h5 class=\"wp-block-heading has-text-align-center\"><strong>Unser langj\u00e4hriges Mitglied ist von uns gegangen.<\/strong><\/h5>\n<!-- \/wp:heading -->\n\n<!-- wp:image {\"id\":27,\"sizeSlug\":\"full\",\"linkDestination\":\"none\",\"align\":\"center\"} -->\n<figure class=\"wp-block-image aligncenter size-full\"><img loading=\"lazy\" decoding=\"async\" width=\"420\" height=\"280\" src=\"https:\/\/mcasphaltwoelfe.de\/wp-content\/uploads\/2024\/11\/Mohr6.jpg\" alt=\"\" class=\"wp-image-27\" srcset=\"https:\/\/mcasphaltwoelfe.de\/wp-content\/uploads\/2024\/11\/Mohr6.jpg 420w, https:\/\/mcasphaltwoelfe.de\/wp-content\/uploads\/2024\/11\/Mohr6-300x200.jpg 300w\" sizes=\"auto, (max-width: 420px) 100vw, 420px\" \/><\/figure>\n<!-- \/wp:image -->\n\n<!-- wp:paragraph {\"align\":\"center\",\"fontSize\":\"small\"} -->\n<p class=\"has-text-align-center has-small-font-size\">Wir trauern um<\/p>\n<!-- \/wp:paragraph -->\n\n<!-- wp:paragraph {\"align\":\"center\"} -->\n<p class=\"has-text-align-center\">Torsten Mohr<\/p>\n<!-- \/wp:paragraph -->\n\n<!-- wp:paragraph {\"align\":\"center\"} -->\n<p class=\"has-text-align-center\">geb. 11.02.1960<\/p>\n<!-- \/wp:paragraph -->\n\n<!-- wp:image {\"id\":29,\"sizeSlug\":\"full\",\"linkDestination\":\"none\",\"align\":\"center\"} -->\n<figure class=\"wp-block-image aligncenter size-full\"><img loading=\"lazy\" decoding=\"async\" width=\"47\" height=\"65\" src=\"https:\/\/mcasphaltwoelfe.de\/wp-content\/uploads\/2024\/11\/Unbenannt.bmp\" alt=\"\" class=\"wp-image-29\" \/><\/figure>\n<!-- \/wp:image -->\n\n<!-- wp:paragraph {\"align\":\"center\"} -->\n<p class=\"has-text-align-center\">23.08.2008<\/p>\n<!-- \/wp:paragraph -->\n\n<!-- wp:paragraph {\"align\":\"center\",\"fontSize\":\"small\"} -->\n<p class=\"has-text-align-center has-small-font-size\">Du wirst immer in unserer Erinnerung bleiben!<\/p>\n<!-- \/wp:paragraph --><\/div><\/li>\n<\/ul>\n\n\n<div class=\"wp-block-group has-xx-large-font-size is-vertical is-layout-flex wp-container-core-group-is-layout-8bd63d37 wp-block-group-is-layout-flex\" style=\"margin-top:var(--wp--preset--spacing--50);margin-bottom:var(--wp--preset--spacing--50)\">\n<div style=\"height:37px\" aria-hidden=\"true\" class=\"wp-block-spacer wp-container-content-8a91f07f\"><\/div>\n<\/div>\n<\/div>\n\n\n\n<p><\/p>\n","protected":false},"excerpt":{"rendered":"","protected":false},"author":1,"featured_media":0,"parent":0,"menu_order":0,"comment_status":"closed","ping_status":"closed","template":"","meta":{"_uag_custom_page_level_css":"","footnotes":""},"class_list":["post-57","page","type-page","status-publish","hentry"],"uagb_featured_image_src":{"full":false,"thumbnail":false,"medium":false,"medium_large":false,"large":false,"1536x1536":false,"2048x2048":false},"uagb_author_info":{"display_name":"web1098s4","author_link":"https:\/\/mcasphaltwoelfe.de\/?author=1"},"uagb_comment_info":0,"uagb_excerpt":null,"_links":{"self":[{"href":"https:\/\/mcasphaltwoelfe.de\/index.php?rest_route=\/wp\/v2\/pages\/57","targetHints":{"allow":["GET"]}}],"collection":[{"href":"https:\/\/mcasphaltwoelfe.de\/index.php?rest_route=\/wp\/v2\/pages"}],"about":[{"href":"https:\/\/mcasphaltwoelfe.de\/index.php?rest_route=\/wp\/v2\/types\/page"}],"author":[{"embeddable":true,"href":"https:\/\/mcasphaltwoelfe.de\/index.php?rest_route=\/wp\/v2\/users\/1"}],"replies":[{"embeddable":true,"href":"https:\/\/mcasphaltwoelfe.de\/index.php?rest_route=%2Fwp%2Fv2%2Fcomments&post=57"}],"version-history":[{"count":5,"href":"https:\/\/mcasphaltwoelfe.de\/index.php?rest_route=\/wp\/v2\/pages\/57\/revisions"}],"predecessor-version":[{"id":2137,"href":"https:\/\/mcasphaltwoelfe.de\/index.php?rest_route=\/wp\/v2\/pages\/57\/revisions\/2137"}],"wp:attachment":[{"href":"https:\/\/mcasphaltwoelfe.de\/index.php?rest_route=%2Fwp%2Fv2%2Fmedia&parent=57"}],"curies":[{"name":"wp","href":"https:\/\/api.w.org\/{rel}","templated":true}]}}